
What is the ten thousands digit of 1878513176?
1
What is the hundreds digit of 27638034?
0
What is the tens digit of 13060223?
2
What is the millions digit of 98719580?
8
What is the tens digit of 22262334?
3
What is the hundreds digit of 2220097375?
3
What is the tens digit of 12136936?
3
What is the tens digit of 43309401?
0
What is the hundreds digit of 112980005?
0
What is the thousands digit of 1807595202?
5
What is the millions digit of 86288128?
6
What is the hundred thousands digit of 817635716?
6
What is the hundred thousands digit of 45611705?
6
What is the hundreds digit of 599669645?
6
What is the ten millions digit of 68344000?
6
What is the units digit of 72465764?
4
What is the units digit of 18149980?
0
What is the hundreds digit of 160790247?
2
What is the millions digit of 17148661?
7
What is the ten thousands digit of 181670742?
7
What is the millions digit of 427081962?
7
What is the tens digit of 270817252?
5
What is the hundreds digit of 5340561759?
7
What is the hundred thousands digit of 68409711?
4
What is the hundreds digit of 2228868150?
1
What is the hundred thousands digit of 1003930203?
9
What is the ten millions digit of 41273282?
4
What is the tens digit of 24667227?
2
What is the hundred thousands digit of 373626123?
6
What is the thousands digit of 1402793244?
3
What is the ten thousands digit of 747208315?
0
What is the millions digit of 51997243?
1
What is the tens digit of 8640991?
9
What is the units digit of 191637185?
5
What is the tens digit of 511335079?
7
What is the hundred thousands digit of 14064327?
0
What is the hundred thousands digit of 52100969?
1
What is the hundred thousands digit of 31664404?
6
What is the millions digit of 631987848?
1
What is the ten thousands digit of 2779404887?
0
What is the units digit of 11484111?
1
What is the ten millions digit of 2395699158?
9
What is the units digit of 55114389?
9
What is the tens digit of 187654700?
0
What is the ten thousands digit of 2045296255?
9
What is the tens digit of 352097204?
0
What is the units digit of 1201136442?
2
What is the hundred thousands digit of 315183231?
1
What is the tens digit of 2068905160?
6
What is the thousands digit of 283704953?
4
What is the units digit of 44293839?
9
What is the ten thousands digit of 41653121?
5
What is the ten millions digit of 360513102?
6
What is the hundred thousands digit of 22235590?
2
What is the hundred millions digit of 308481347?
3
What is the ten thousands digit of 32454865?
5
What is the units digit of 5564044926?
6
What is the billions digit of 6321274799?
6
What is the tens digit of 116430364?
6
What is the ten millions digit of 16388967?
1
What is the hundred thousands digit of 47902954?
9
What is the thousands digit of 52817500?
7
What is the millions digit of 3201479308?
1
What is the thousands digit of 21246348?
6
What is the ten millions digit of 419985978?
1
What is the hundred thousands digit of 158928322?
9
What is the hundred thousands digit of 7164656?
1
What is the thousands digit of 42176095?
6
What is the tens digit of 149666406?
0
What is the hundred thousands digit of 96998109?
9
What is the tens digit of 3080372?
7
What is the millions digit of 88073435?
8
What is the ten thousands digit of 2659052908?
5
What is the units digit of 65554937?
7
What is the hundred millions digit of 7253121110?
2
What is the hundred millions digit of 1469324655?
4
What is the units digit of 35852770?
0
What is the hundred millions digit of 1128455596?
1
What is the thousands digit of 441030083?
0
What is the hundreds digit of 5228197?
1
What is the millions digit of 618519202?
8
What is the millions digit of 3354797044?
4
What is the units digit of 3642903622?
2
What is the units digit of 3124380191?
1
What is the tens digit of 257660211?
1
What is the millions digit of 137067378?
7
What is the tens digit of 150121924?
2
What is the millions digit of 9545426?
9
What is the millions digit of 887410368?
7
What is the millions digit of 88025392?
8
What is the thousands digit of 2019946464?
6
What is the hundred thousands digit of 1367066699?
0
What is the hundreds digit of 331250159?
1
What is the millions digit of 1516891312?
6
What is the ten millions digit of 61313017?
6
What is the thousands digit of 756599275?
9
What is the tens digit of 111157613?
1
What is the thousands digit of 953865489?
5
What is the ten millions digit of 6443983313?
4
What is the units digit of 176614972?
2
What is the hundred millions digit of 1104600848?
1
What is the thousands digit of 68270540?
0
What is the tens digit of 135481808?
0
What is the hundred millions digit of 116716287?
1
What is the hundred thousands digit of 155933380?
9
What is the hundreds digit of 542633663?
6
What is the ten millions digit of 25681470?
2
What is the ten thousands digit of 5399647865?
4
What is the hundreds digit of 28845804?
8
What is the hundreds digit of 662699654?
6
What is the millions digit of 958538724?
8
What is the millions digit of 2042399593?
2
What is the billions digit of 2222401459?
2
What is the thousands digit of 2386423153?
3
What is the hundreds digit of 283741322?
3
What is the tens digit of 33143580?
8
What is the ten millions digit of 228719743?
2
What is the hundred millions digit of 262537058?
2
What is the hundreds digit of 388004230?
2
What is the tens digit of 4718710?
1
What is the units digit of 6755389581?
1
What is the ten thousands digit of 29144917?
4
What is the ten millions digit of 61594580?
6
What is the hundreds digit of 69364586?
5
What is the hundreds digit of 583491258?
2
What is the ten thousands digit of 731187046?
8
What is the ten millions digit of 3268089732?
6
What is the hundred thousands digit of 760716104?
7
What is the ten thousands digit of 68287036?
8
What is the hundred millions digit of 437876771?
4
What is the hundreds digit of 195407157?
1
What is the hundred millions digit of 111057659?
1
What is the hundred millions digit of 431652564?
4
What is the thousands digit of 5232130737?
0
What is the units digit of 4568700138?
8
What is the units digit of 120712369?
9
What is the ten millions digit of 114002209?
1
What is the ten thousands digit of 187356490?
5
What is the millions digit of 30452227?
0
What is the thousands digit of 559930810?
0
What is the ten millions digit of 4655781534?
5
What is the ten millions digit of 476801412?
7
What is the hundred thousands digit of 6811638891?
6
What is the ten thousands digit of 915026489?
2
What is the units digit of 5128056316?
6
What is the units digit of 586894623?
3
What is the millions digit of 38915623?
8
What is the hundred thousands digit of 172179186?
1
What is the units digit of 101744412?
2
What is the millions digit of 512113893?
2
What is the tens digit of 1085738331?
3
What is the hundred thousands digit of 41386240?
3
What is the tens digit of 70101059?
5
What is the ten thousands digit of 13091788?
9
What is the hundred millions digit of 2962421079?
9
What is the ten thousands digit of 51035208?
3
What is the units digit of 53091911?
1
What is the tens digit of 4295257609?
0
What is the millions digit of 55892175?
5
What is the hundred thousands digit of 16339579?
3
What is the ten thousands digit of 316218893?
1
What is the hundreds digit of 274063194?
1
What is the hundreds digit of 184188141?
1
What is the millions digit of 256250690?
6
What is the hundred millions digit of 356785650?
3
What is the hundreds digit of 345163001?
0
What is the tens digit of 268497448?
4
What is the hundred thousands digit of 103272669?
2
What is the thousands digit of 1387540907?
0
What is the thousands digit of 740760737?
0
What is the ten millions digit of 6877479856?
7
What is the units digit of 5336742?
2
What is the billions digit of 1393759066?
1
What is the hundreds digit of 140035693?
6
What is the hundred thousands digit of 388927918?
9
What is the hundred millions digit of 555400788?
5
What is the ten thousands digit of 6268864160?
6
What is the ten millions digit of 946597744?
4
What is the units digit of 91091780?
0
What is the millions digit of 526810729?
6
What is the hundred millions digit of 595158988?
5
What is the tens digit of 65384958?
5
What is the tens digit of 653440021?
2
What is the thousands dig